 of d.
3, 7
Let q(d) = -7*d**2 - 4*d. Let s be q(-6). List the prime factors of (-5)/15 - s/9.
5
Suppose -19914 = -32*s + 48118. What are the prime factors of s?
2, 1063
Let f(u) = -2 - 2 + 4*u + 27*u**2 + 1 - 10*u**2. List the prime factors of f(2).
73
Suppose -343 = -3*h + 5*o, 14 - 29 = 3*o. List the prime factors of h.
2, 53
Suppose 221*g = 232*g - 3784. List the prime factors of g.
2, 43
Suppose 5*w - 19 - 6 = 0. Let r be (-2 - 0)/(-1*(-5)/(-10)). Suppose 0 = -2*j - r*q + 86, -4*j + 122 = w*q - 38. What are the prime factors of j?
5, 7
Suppose -3*x = 3*s - 6*x - 15, 2*s + 2*x + 10 = 0. Suppose s = 5*j - 7 - 8. List the prime factors of j.
3
Let s = -35 + 45. Suppose 9*i + 26 = s*i. Let z = i + 0. What are the prime factors of z?
2, 13
Let y = -38 + 32. Let b(z) = -23*z - 7. What are the prime factors of b(y)?
131
Suppose -8*q + 1321 = -7495. List the prime factors of q.
2, 19, 29
Let s be ((-4)/(-6))/((-2)/3). Let r = s - -64. What are the prime factors of r?
3, 7
List the prime factors of (-8)/16*-14 - 3.
2
Let f be 4/(-3) - (-2470)/(-15). Let c = f - -301. Let s = c - 76. What are the prime factors of s?
59
Let k = 22 - 4. Suppose y + 2*z + z - k = 0, -4*y + 2*z + 16 = 0. Let j = y - 3. What are the prime factors of j?
3
Suppose -70*t + 189090 = -159790. List the prime factors of t.
2, 7, 89
Suppose 0 = -b - 2*f - 7, -2*b = -3*f - 8 + 29. Let t(y) = -9*y - 17. List the prime factors of t(b).
2
Let f(k) = -k - 2. Let s(o) = 21*o - 72. Let h(v) = 4*f(v) + s(v). List the prime factors of h(23).
311
Let u be (-2)/6 - -1*95/15. Suppose -u*m + 117 = -195. List the prime factors of m.
2, 13
Let k(x) = 129*x**2 + 59*x - 13. What are the prime factors of k(-5)?
2917
Let l = 13 + -10. Suppose -4*r - 4*o + 16 = 0, l*r + 0*o - o = 4. Suppose -4*j + r*g = -42, 2*g - 23 = 3*j - 4*j. List the prime factors of j.
13
Let q be (-2)/(-4) - (-112)/32. Suppose -3*k = -2*z + 5 + 18, 3*z + q*k - 26 = 0. What are the prime factors of z?
2, 5
Let r(m) = 6*m**2 + 92*m - 86. List the prime factors of r(-33).
2, 853
Let t = -15 - -5. Let i(r) = -r**2 - 22*r - 2. What are the prime factors of i(t)?
2, 59
Let h = 1910 - 861. List the prime factors of h.
1049
Suppose 3*d = d. Suppose -3*l + 12 = v, 0 = -d*l + l - 4*v - 4. Suppose -l*u + 2*f = -10, 5*u + 0 = -2*f + 8. List the prime factors of u.
2
Let l(y) = -y**3 + y**2 - 810. Let r be l(0). Let a = -1162 - r. List the prime factors of 14/(-70) - a/10.
5, 7
Suppose 0 = 27*y - 23*y - 16. Let x be 1/(-2) - 87/(-2). Suppose x = y*n - 57. List the prime factors of n.
5
Suppose 4*z + 2 = -2*i, -4*i - z + 2 = -3*i. Suppose 2*r - 11 = -3*j + 13, -5*j = -i*r - 40. List the prime factors of 70/4*j/2.
2, 5, 7
Let b = -5 + 9. Let m(t) be the second derivative of t**5/20 - t**4/6 - t**3 + t**2 - 5*t. List the prime factors of m(b).
2, 5
Suppose -10*b + 40 = -6*b. Suppose b*l - 180 = 5*l. What are the prime factors of l?
2, 3
Suppose -f + 1397 = y, -4*f + 3*f = -y - 1393. List the prime factors of f.
3, 5, 31
Let b = -21 + 18. Let r be ((-36)/(-8) - b)*-2. Let t = r + 40. What are the prime factors of t?
5
Let z = -8 + 39. Suppose 0 = -i + y + 10 + z, -3*i = -y - 123. What are the prime factors of i?
41
Let t = 211 - -320. List the prime factors of t.
3, 59
Suppose -46*v + 37549 = -57901. List the prime factors of v.
5, 83
List the prime factors of 97865/75 + 2/15.
3, 5, 29
What are the prime factors of -3 - (-280)/105*3186/4?
3, 7, 101
Let i(g) = g**2 - 2*g - 5. Let h be i(5). Suppose 5*x - h*x = -920. List the prime factors of x.
2, 23
Suppose -472*o = -455*o - 49589. List the prime factors of o.
2917
Suppose 0 = -84*s + 62*s + 85360. What are the prime factors of s?
2, 5, 97
Let d = -2805 + 4805. List the prime factors of d.
2, 5
Suppose -74 + 15 = -n - 2*q, -3*q + 260 = 5*n. Let c = -8 + n. What are the prime factors of c?
41
List the prime factors of 0 + (0 - 1632/(-3)).
2, 17
Let n be (3 + -2 + -2)*-2. Suppose -n*o + 1236 = 3*l, 2*o + 1254 = 3*l - 2*o. What are the prime factors of 5/20 - l/(-8)?
2, 13
Let u = 50 - 45. Suppose 1512 = u*y + 4*y. List the prime factors of y.
2, 3, 7
Let r be 15/4*(-9 - -5). Let f be (-2)/r - 2/15. Suppose f = 5*j - 23 - 12. List the prime factors of j.
7
Let p = -210 + 234. Let o = 2 - 2. Suppose o*y = y - p. List the prime factors of y.
2, 3
Let f(j) = j**2 - 8*j + 9. Let w be f(6). Let x be 39/9*2*w. Let l = 40 + x. List the prime factors of l.
2, 7
Let b(x) = -10*x - 3. Let a(m) = -5*m + 1. Let j be a(-1). Let s(z) = z**3 - 7*z**2 + 7*z - 8. Let v be s(j). List the prime factors of b(v).
17
Suppose -c - 2*g = -679, -4*g + 2*g - 3431 = -5*c. List the prime factors of c.
5, 137
Suppose 20*u - 1763 = 4137. What are the prime factors of u?
5, 59
Suppose -5*o = -2*l + 126, 3*l + 2*o = o + 223. List the prime factors of l.
73
Let f = -32 + 43. Suppose -1607 + 166 = -f*u. What are the prime factors of u?
131
Let a be (-18)/(-8) + 2/(-8). Suppose -84 = -4*z - a*f, 0*z - 5*f = 2*z - 58. What are the prime factors of z?
19
Let f be ((-27)/6 - -6)*8/3. Suppose -1494 = -13*q + f*q. List the prime factors of q.
2, 83
Let w(g) be the first derivative of 11*g**2 + g + 3. What are the prime factors of w(7)?
5, 31
Let o(u) = -u**3 - 8*u**2 + 4*u - 9. Let a be o(-9). Suppose 112 + a = i. What are the prime factors of i?
2, 37
Let x(s) = 8*s**2 - 10*s + 21. List the prime factors of x(3).
3, 7
Suppose -2*v = -3*v + 3. Suppose -v*o - 46 + 259 = 0. What are the prime factors of o?
71
Suppose 0*a = -a + 19. Suppose 0 = j + 16 - a. List the prime factors of (-1 + 13)*(j - 2).
2, 3
Let v be (-2)/(-9)*-3*9. Let k be (-2)/(-2)*(v + -2). List the prime factors of (-126)/(-4) - k/16.
2
Let l(b) = -882*b + 108. Let k(h) = -12*h**2. Let n be k(3). Let f(a) = -41*a + 5. Let p(s) = n*f(s) + 5*l(s). What are the prime factors of p(1)?
2, 3
What are the prime factors of (-1212)/(-8)*(-36)/(-9)?
2, 3, 101
Suppose 30*i + 19*i = 174391. What are the prime factors of i?
3559
Let t(y) = 206*y - 106. What are the prime factors of t(15)?
2, 373
Let n(a) = a**2 - 6*a + 12. Let b(s) be the first derivative of s**3/3 + 5*s**2 + 8*s - 7. Let d be b(-10). What are the prime factors of n(d)?
2, 7
Suppose -6 - 2 = a. Let s = a + 13. List the prime factors of s.
5
Suppose -12*o - i + 340 = -11*o, 3*o - 1048 = 4*i. What are the prime factors of o?
2, 43
Suppose -216688 = -27*u - 67189. List the prime factors of u.
7, 113
Let s = 0 - -5. Suppose 7*p - 2*p - 20 = 0, -5*p + 30 = -s*u. Let r = u + 11. What are the prime factors of r?
3
Let d(l) = -l + 7. Let b be d(4). Suppose s - 105 = -5*f, b*s = -5*f - s + 90. What are the prime factors of f?
2, 11
Suppose 20 = 4*a - 4*i, 5*i + 10 - 1 = -3*a. Suppose -a*z = -219 + 25. What are the prime factors of z?
97
List the prime factors of ((-328)/(-574))/(2/21434).
2, 1531
Let g(a) = a**2 + 15*a + 25. Let x be g(-13). List the prime factors of 2 + -1 + (68 - (-4 + x)).
2, 37
Let x(f) = -10*f**2 + 3*f - 20. Let l(r) = 11*r**2 - 4*r + 21. Let s(c) = -5*l(c) - 6*x(c). List the prime factors of s(-5).
2, 5, 13
Let y = 13 + -8. Let h be 1/y + (-519)/(-5). Let d = h - 70. What are the prime factors of d?
2, 17
Suppose 56457 = 84*u - 57*u. List the prime factors of u.
3, 17, 41
Let t(i) = i**3 - 5*i**2 + 5*i + 1. Let q be t(3). Let u = 68 - 28. Let g = u - q. List the prime factors of g.
2, 3, 7
What are the prime factors of 2*120 + (4 - 3/(-3))?
5, 7
Suppose 0 = -0*u + 3*u - 153. Suppose 6 - u = -x. List the prime factors of x.
3, 5
Let a(g) = 5 - 4*g**2 + g**3 - g + 2*g - 5*g**2 - 3*g**2. What are the prime factors of a(12)?
17
Suppose -20 = -4*u - 8. Suppose -3*m = 2*n + u*n - 536, -696 = -4*m - 2*n. List the prime factors of m.
2, 43
Let j = 26 - 9. Suppose -3*l - 180 = -3*u, -l = -3*u - j + 205. List the prime factors of u.
2
Let n(k) = -k**3 + 49*k**2 - 13*k - 162. List the prime factors of n(48).
2, 3, 11, 23
Suppose 4*o + j = 1857 + 1425, 3*j = 3*o - 2454. What are the prime factors of o?
2, 5, 41
Let h(r) = r**2 + r - 10. Let s be h(3). Suppose 2*c = -s*c + 4*n + 400, 10 = 5*n. What are the prime factors of c?
2, 3, 17
Let y(o) = o**3 + 5*o**2 + 5*o + 1. Let t be y(-4). Let s be 2 + 0 - 2 - t. Suppose z - 79 - 36 = -5*g, -s*g + 69 = -4*z. What are the prime factors of g?
23
Let t(z) = z**3 -